v - 5*y. Give o(v).
9
Let x = -13755 + 13761. Let r(q) = 14*q**2 - 82*q - 12. What is r(x)?
0
Suppose -5*f - 1862 + 1849 = -3*l, 3*f = 2*l - 8. Let n(c) = -c**3 + 2*c**2 + 10*c + 7. Calculate n(f).
3
Suppose -270 = -3*k - 3*h, 4*h + 55 = -2*k + 241. Let y = k + -91. Let x(n) = n**2 + 4*n + 1. Calculate x(y).
1
Let z(c) be the third derivative of c**3 + 1/8*c**4 + 1/60*c**5 + 0*c - 4 + 16*c**2. What is z(-3)?
6
Let l be (-2)/(-5) + (-23)/(1495/91). Let n(j) = 2 + 4 + 5*j - 5. What is n(l)?
-4
Let x(s) = -25 - 7 + 60997*s - 7 - 5 - 60984*s. Calculate x(4).
8
Let l = 105 + -101. Let i(q) = -q**2 + 3*q + 6. Let s be i(l). Suppose -v + 5*h + 8 = s*v, -2*h = -v + 4. Let o(b) = -3*b - 3. Determine o(v).
9
Let k = -523 - -518. Let t(s) = -6*s**3 - 15*s**2 + s + 3. Let d(h) = -h**3 - h**2 - 2*h - 1. Let n(g) = k*d(g) + t(g). Calculate n(-11).
8
Let p = -4081 + 4086. Let w(q) = -q**3 + 5*q**2 - 11*q + 49. What is w(p)?
-6
Let y(w) be the third derivative of 121*w**2 + 0 + 5/24*w**4 + 1/120*w**6 - w**3 + 0*w - 7/60*w**5. Determine y(5).
-31
Let q(w) = 12*w**2 - 48*w - 102. Let j(r) = 19*r**2 - 72*r - 159. Let z(n) = -5*j(n) + 8*q(n). What is z(20)?
-101
Let y(r) = 9 + 8*r**2 - 3 - r**3 - r**2 + 2*r. Suppose 0 = 3*h - 15, 2*h - 885 = 4*v + 1085. Let q = v + 497. Determine y(q).
20
Let y(x) = -1359*x**3 + 5*x + 4. Let f be y(-1). Let u be (-3*2/(-4))/(291/f). Let q(n) = -n - 4. What is q(u)?
-11
Let s = 1241 - 1240. Let r(h) = 12*h**3 - h + 1. Calculate r(s).
12
Suppose 0 = c + 1263 - 1268. Let t(z) = 7*z + 2. Give t(c).
37
Suppose 4*q - 69 = 3*q + 3*u, 0 = -3*q - 5*u + 277. Let z = q + -84. Suppose -14*j + 9*j - 5 = z. Let i(h) = -6*h. Calculate i(j).
6
Let v be 2*-3*8/12. Let i(c) = 5*c**2 + c + 17. Let z(w) = -2*w**2 - w - 8. Let o(y) = v*i(y) - 9*z(y). Suppose 0 + 20 = 4*j. Calculate o(j).
-21
Let t(j) be the second derivative of j**5/20 - 17*j**4/12 + 29*j**3/6 + 13*j**2/2 - 1780*j. Give t(15).
-2
Let h(f) = 3*f**2 + 69*f + f**3 - f**2 - 6*f**2 + 3 - 4*f**2 - 64*f. Let d(x) = -11*x - 1. Let w be d(-2). Suppose 2*z = -z + w. Give h(z).
-11
Let i(z) be the third derivative of -1/2*z**4 - 1/24*z**5 - 8*z**2 + 0 + 0*z**3 - 1/360*z**6 + 0*z. Let t(x) be the second derivative of i(x). Determine t(-7).
9
Let s be (1/(-1) - 0)/(-1). Let v(d) = -7*d**3 + 4*d - 2. Let z(c) = -18*c**3 + 10*c - 5. Let m(j) = -12*v(j) + 5*z(j). Calculate m(s).
-5
Let f(x) = 9*x**3 - 3*x - x + 3*x - 16*x**2 - 8*x**3 + 31. Calculate f(16).
15
Let o(w) = w. Let d be 3*10*(-4)/24. Let n be o(d). Let z(a) be the third derivative of -a**6/120 - a**5/15 + 5*a**4/24 + 5*a**3/6 - 10*a**2 - 4*a. Give z(n).
5
Suppose 44 = -h + 12*h. Suppose -h*i + 9 = -2*i - 3*d, 0 = -5*d + 5. Let p(k) = k - 2. What is p(i)?
4
Let o(c) = -16*c**2 + 17 - 23 + 14 - 16*c + 0*c**3 - 23 - c**3. Give o(-15).
0
Let o(f) = 4*f**3 + 14*f**2 - 17*f + 2. Let s be o(-7). Let r = s + 561. Let g(h) = 10*h - 4. Determine g(r).
-44
Let l be (456/38 + 4*26)*2/8. Let r(c) = -8*c + 227. Calculate r(l).
-5
Let v(t) be the first derivative of -t**6/120 + t**3/6 + 7*t**2 - 3*t - 15. Let q(f) be the second derivative of v(f). Give q(2).
-7
Suppose 27 = -i + 4*k, 5*i - k = -2*k - 30. Let p(x) = 54*x**2 - x - 1. Let d(f) = -323*f**2 + 14*f + 13. Let y(w) = d(w) + 6*p(w). Give y(i).
0
Let f be 18/(-15)*15/6. Let q(x) = -13*x**3 - x**2 - 8*x - 6. Let c(h) = -24*h**3 - 2*h**2 - 15*h - 11. Let p(i) = -6*c(i) + 11*q(i). Give p(f).
-24
Let u = -4013 + 5673. Let b(p) = u - 1660 + p + 6*p**3 + 2*p**2. Determine b(-1).
-5
Let b(l) = -l**3 - 14*l**2 + 4*l - 14. Let p(m) = -9*m + 463. Let o be p(53). Calculate b(o).
-70
Suppose 1386 = -79*k - 47*k. Let a(u) = u**3 + 10*u**2 - 8*u + 18. Calculate a(k).
-15
Let b be 64/14 - 23/((-1288)/(-32)). Let l(v) = -9*v - 9. What is l(b)?
-45
Let p(y) = y**3 + 4*y**2 + 3*y - 3. Let r(h) = -2*h**3 - 81*h**2 - 42*h - 84. Let a be r(-40). Determine p(a).
-15
Let b(f) = -3*f**3 + 65*f**2 + 8*f + 40. Let t(z) = 2*z**3 - 43*z**2 - 5*z - 28. Let y(l) = -5*b(l) - 8*t(l). Calculate y(19).
24
Let f(a) be the second derivative of -a**3/3 + a**2 - 584*a. Let x be (-4 - 6) + (6 - 1) - -17. Determine f(x).
-22
Let y(n) = -n**2 + 10*n + 26. Let q(b) = -12*b + 517. Let x be q(42). Determine y(x).
-13
Let q(n) be the third derivative of 7/24*n**4 + 0*n - 176*n**2 + 0 - 1/60*n**5 - 1/2*n**3. Give q(7).
-3
Let n(f) = f**2 + f + 2. Let p(u) = -u**3 + 7*u**2 + 8*u + 9. Let g be p(8). Suppose -z - 4 = -g. Suppose -i - z = -3*x, x - 2*i + 0 = 10. Determine n(x).
2
Let g(a) be the third derivative of 0 + 0*a - 1/10*a**5 - 5/24*a**4 - 1/120*a**6 - 49*a**2 - 1/3*a**3. Calculate g(-5).
-2
Let r(h) = h + 6. Let f(m) = -3*m - 11. Let p(t) = 5*f(t) + 9*r(t). Calculate p(13).
-79
Let g(f) be the third derivative of -f**5/60 + f**4/6 + 9*f**3/2 - 615*f**2 + 2*f. Determine g(9).
-18
Let i(j) = 80*j + 35. Let o(f) = 57*f + 23. Let t(y) = 5*i(y) - 7*o(y). Suppose -4*n = -0*n. Suppose n = 3*r - 9, 7*r - 2*r - 21 = v. Calculate t(v).
8
Let n be -248*2*(-4)/16. Let t(u) = -6*u + 125*u**3 - 4*u**2 + 4 - 8*u**2 + 16*u - n*u**3. Determine t(11).
-7
Let a(k) be the third derivative of k**5/12 + 7*k**4/24 + k**3/2 - 67*k**2. Give a(-3).
27
Let w = -19901 - -19908. Let a(j) = -3*j**2 + 7*j - 2. Determine a(w).
-100
Let i(t) = t**3 + 10*t**2 + 19*t + 22. Suppose -108 - 110 = 48*j + 166. Determine i(j).
-2
Suppose 4*m + l = -32, 26 = -m - m - 3*l. Let a = -15 + 17. Let c(j) = -4 - 13 + 4 - a*j + 4. Calculate c(m).
5
Let q(h) = 6*h + 63. Let z be -4*(-1)/(-56) - 5177/434. What is q(z)?
-9
Let z(s) = 5*s + 37. Let n(v) be the first derivative of -v**2 - 18*v + 72. Let f(i) = -7*n(i) - 3*z(i). Determine f(7).
8
Suppose 491*o - 495*o + 24 = 0. Suppose 2*g + 5*r = 16, 0 = -g + o*g - 5*r - 40. Let l(b) = b**3 - 7*b**2 - 5*b - 8. Give l(g).
16
Let j(g) be the first derivative of 5*g**2 + 23*g - 2003. Give j(-5).
-27
Let u(i) be the second derivative of -2*i + 1/6*i**3 + 7/2*i**2 - 1/20*i**5 + 0*i**4 + 134. What is u(0)?
7
Let h be -2*(-305 + -6) + -2. Let v = h + -608. Let a(n) = n**2 - 10*n - 26. What is a(v)?
-2
Let v(m) = -4*m - 94. Let q(l) = -l + 19. Let s(k) = -5*q(k) - v(k). Let g = -22 - -21. Calculate s(g).
-10
Let g(k) = 3*k + 3. Suppose 5*d - 3*h = -13, 264 = h + 263. Calculate g(d).
-3
Suppose 60 = -3*p + 5*z, -p - 9 = 4*z + 11. Let o(f) = -f**2 - 22*f + 21. What is o(p)?
61
Let b be 10878/21*(-2)/4. Let u = b + 264. Let k(c) = c**2 + c + 1. Let x(h) = -h**3 + 2*h + 1. Let d(t) = 3*k(t) + x(t). Determine d(u).
-21
Let l(d) = 2*d. Let a(b) = 3 - 3*b + 30 - 3. Let v(u) = -a(u) - 2*l(u). What is v(0)?
-30
Let q = 760 + -306. Let w(s) = -3*s**2 - 458 + 5*s + 2*s**2 + q. Determine w(3).
2
Let i = -149 + 106. Let z = i + 49. Let j(o) = 20*o**2 + 4*o - 5. Let h(u) = -7*u**2 - u + 2. Let q(p) = z*j(p) + 17*h(p). What is q(-6)?
-2
Let o(y) = 3*y**2 - 39*y - 37. Let w be o(-1). Let h(a) be the third derivative of -a**6/120 + a**5/12 - a**4/12 + 5*a**3/6 - 10*a**2. Calculate h(w).
-5
Let h(x) = -x**2 - 3*x - 8. Let f(z) = 87*z - 174. Let l be f(2). Determine h(l).
-8
Let t(s) = -5*s**2 - 5*s + 1. Let a(r) = r**3 + 6*r**2 + 6*r - 1. Let v(j) = 5*a(j) + 6*t(j). Suppose 19 = -2*k + 7*m, 2 = 9*k - 10*k + m. Calculate v(k).
6
Let f(u) = -9*u**2 + u. Let s(n) = -n**3 + 10*n**2 + 8*n + 27. Let b be s(13). Let o = b - -378. Give f(o).
-34
Let x be 7/(63/(-6))*-6. Suppose 0 = x*y - 8, 3*q - 6 = 3*y + 6. Let f(u) be the second derivative of u**4/12 - 7*u**3/6 - 3*u**2/2 - 662*u. What is f(q)?
-9
Let x(w) = 9*w + 10*w - 9*w**2 + 0*w + 3*w**3 - 2*w**3 - 7*w - 29. What is x(8)?
3
Let f(y) = 5*y + 76. Let l(q) = 3*q + 67. Let j(b) = 6*f(b) - 5*l(b). Give j(-8).
1
Let h(m) = 11*m**2 + 24 - 16*m**2 - 16*m + 6*m**2 - 10. Let u be h(15). Let q(n) = -7 + 8 - 5*n**2 - 2. Determine q(u).
-6
Let u(v) = 6*v + 3. Let b(k) = -2*k - 1. Let h(j) = 5*b(j) + 2*u(j). Suppose -10 = -17*d + 16*d. Let s = d - 16. What is h(s)?
-11
Let o(h) = h**2 + 15*h - 23. Let p be 0/(((-224)/(-140))/(12/15)). Give o(p).
-23
Let p(n) be the third derivative of 2*n**2 - 7/6*n**3 + 0 - 1/12*n**4 + 10*n. Suppose 4*x - 6*x - 12 = 0. Calculate p(x).
5
Let v(a) = 0*a + 8*a - 5 - a**2 - 2*a. Let p = -7836 + 7841. Give v(p).
0
Let p(f) = -f**3 - 5*f - 9. Let c be p(-2). Let w(x) = 4 + 5*x - 5*x - c + 2*x +